*2 + 1114*t + 4269. Give a(115).
129
Let m(i) = -i**2 - 69*i + 717. Determine m(-84).
-543
Let a(c) = -2*c**2 - 1466*c - 60634. Give a(-44).
-2
Let d(o) = -2*o**2 - 108*o - 2272. Calculate d(-26).
-816
Let q(l) = 2*l**3 - 44*l**2 + 45*l - 60. Calculate q(21).
3
Let g(z) = -61*z**2 - 188*z + 956. Calculate g(5).
-1509
Let q(l) = -58855*l + 529660. Calculate q(9).
-35
Let k(h) = -h**3 - 52*h**2 - 652*h + 120. Determine k(-27).
-501
Let f(d) = 9812*d - 78465. Determine f(8).
31
Let k(b) = 16826*b + 7639010. Calculate k(-454).
6
Let r(u) = -44*u**2 - 698*u + 4279. Give r(6).
-1493
Let d(k) = -87*k**3 - 292*k**2 - 19*k - 38. What is d(-3)?
-260
Let f(q) = 312*q + 43492. Determine f(-134).
1684
Let g(v) = v**3 + 710*v**2 - 2240*v - 72000. What is g(-713)?
13
Let d(t) = -63*t**2 + 3563*t + 13013. Calculate d(60).
-7
Let f(n) = -20*n**2 - 560*n - 110. Determine f(-28).
-110
Let j(z) = 64760*z + 194220. Determine j(-3).
-60
Let j(s) = -s**3 - 145*s**2 - 51*s - 7018. Calculate j(-145).
377
Let h(x) = 2*x**2 + 335*x + 6634. What is h(-141)?
-839
Let m(v) = -37*v**2 - 2396*v - 1908. What is m(-64)?
-116
Let y(i) = -478*i + 202139. What is y(423)?
-55
Let j(g) = -6841*g - 21460. Determine j(-3).
-937
Let r(o) = -150131*o - 10809453. What is r(-72)?
-21
Let m(z) = -z**3 - 204*z**2 - 3444*z + 1247. What is m(-19)?
-102
Let j(p) = -2330*p + 18583. What is j(8)?
-57
Let i(w) = 26*w - 991. What is i(21)?
-445
Let s(f) = f**3 - 118*f - 169. Calculate s(-6).
323
Let v(w) = -2*w**3 - 20*w**2 - 65*w - 495. Determine v(-9).
-72
Let m(h) = 4*h**3 + 626*h**2 + 936*h + 557. Give m(-155).
-373
Let d(y) = 27*y**3 + 191*y**2 + 28*y + 46. What is d(-7)?
-52
Let i(p) = -153*p**3 - p**2 + 331*p + 666. What is i(-2)?
1224
Let y(i) = 4*i**2 + 21475*i + 21465. What is y(-1)?
-6
Let a(x) = -3819*x - 80231. Give a(-21).
-32
Let b(k) = -k**3 + 47*k**2 + 282*k - 1197. Calculate b(52).
-53
Let g(x) = -2*x**3 - 25*x**2 - 138*x - 1910. Calculate g(-12).
-398
Let w(a) = -329*a - 3866. Calculate w(-13).
411
Let u(y) = -y**3 - 269*y**2 + 31422*y + 2118. Determine u(-357).
-24
Let l(r) = 117*r**2 + 32881*r + 1096. Determine l(-281).
-28
Let v(f) = -335*f - 6030. Determine v(-18).
0
Let z(k) = 21*k**2 + 253*k + 561. Calculate z(-8).
-119
Let r(k) = -65*k**2 + 2409*k - 2409. Calculate r(1).
-65
Let g(s) = 1686*s - 96097. Determine g(57).
5
Let y(r) = -r**3 + 44*r**2 - 42*r + 306. Determine y(43).
349
Let w(s) = s**2 - 15*s - 862. Give w(-20).
-162
Let j(b) = -b**3 - 35*b**2 - 31*b + 365. Give j(-33).
-790
Let k(s) = -4*s**2 + 403*s + 1996. Determine k(-5).
-119
Let c(n) = n**3 - 5*n**2 - 1431*n + 8698. Determine c(6).
148
Let q(h) = 32*h**2 + 6167*h - 7956. What is q(-194)?
-2
Let t(k) = 83414*k - 103183117. What is t(1237)?
1
Let a(p) = p**2 - 12*p + 1398. Calculate a(21).
1587
Let v(r) = 5*r**2 - 21*r + 27. Determine v(2).
5
Let h(k) = -3*k**3 + 30*k**2 - 100*k + 1551. Determine h(11).
88
Let l(b) = -24189*b + 3434842. Calculate l(142).
4
Let x(z) = -16*z**3 + 11*z**2 + 63*z + 184. Determine x(-3).
526
Let q(g) = -33*g**2 + 185*g - 26. Determine q(6).
-104
Let t(w) = w**3 + 25*w**2 + 268*w + 1891. Give t(-16).
-93
Let f(d) = -12768*d - 102160. What is f(-8)?
-16
Let m(p) = -6*p**3 + 80*p**2 - 25*p + 20. Calculate m(13).
33
Let f(a) = -a**3 - 392*a**2 - 8118*a + 473. Calculate f(-22).
-11
Let c(m) = m**3 + 13*m**2 - 250*m + 472. Give c(-24).
136
Let n(t) = 38*t**2 - 918*t + 5189. Calculate n(9).
5
Let h(u) = 176*u**2 - 688*u - 14. What is h(4)?
50
Let v(q) = -1267*q - 250929. Calculate v(-198).
-63
Let g(r) = -r**2 + 258*r + 226528. What is g(-364)?
120
Let q(f) = -67*f**2 + 5690*f + 79. Determine q(85).
-346
Let n(q) = 10*q**2 - 721*q - 9456. What is n(-13)?
1607
Let o(n) = -1088*n + 951. What is o(-2)?
3127
Let y(d) = -d**3 + 18*d**2 - 113*d + 5. Determine y(11).
-391
Let x(m) = 7*m**2 - 253*m - 1314. Give x(42).
408
Let k(l) = -411*l + 6414. What is k(11)?
1893
Let g(k) = -15577*k + 155758. Give g(10).
-12
Let j(q) = -q**2 + 220*q - 10152. Give j(66).
12
Let l(y) = y**3 + 70*y**2 + 716*y + 55874. What is l(-71)?
-3
Let v(d) = -d**3 - 36*d**2 - 79*d - 184. What is v(-33)?
-844
Let z(i) = -249*i + 7838. Give z(29).
617
Let r(l) = 31*l**2 - 4861*l - 1182. Give r(157).
-240
Let u(f) = -655*f + 31572. Give u(47).
787
Let t(x) = -4*x**2 - 502*x - 15532. Give t(-57).
86
Let b(g) = -g**2 - 5*g + 934. Calculate b(-26).
388
Let o(a) = -2*a**3 - 148*a**2 + 309*a + 409. Determine o(-76).
29
Let o(y) = -103*y**2 - 2191*y. Determine o(-21).
588
Let z(c) = -c**2 - 310141*c - 5892316. Give z(-19).
2
Let w(m) = 4*m**2 + 604*m - 49383. Determine w(-209).
-895
Let i(x) = -4*x**3 + 123*x**2 - 467*x - 3639. Determine i(10).
-9
Let a(p) = -13*p**2 - 1251*p + 77267. Calculate a(-139).
-17
Let y(g) = 1535*g - 9057. What is y(6)?
153
Let i(u) = -415*u - 11429. Give i(-31).
1436
Let h(r) = 188199*r + 940982. Give h(-5).
-13
Let l(k) = -3*k**3 + 47*k**2 - 93*k + 66. Determine l(12).
534
Let n(i) = -7*i**3 + 61*i**2 + 55*i - 778. Give n(8).
-18
Let v(p) = 3*p**3 - 64*p**2 + 3989*p - 36492. Calculate v(10).
-2
Let z(c) = c**2 - 29*c - 3216. Calculate z(73).
-4
Let b(f) = -167*f**2 + 602*f + 1170. What is b(5)?
5
Let z(r) = -r**2 + 205*r - 1697. Calculate z(7).
-311
Let m(w) = -153*w + 3012. Determine m(17).
411
Let v(b) = -211*b + 13483. Calculate v(64).
-21
Let n(z) = z**3 - 93*z**2 + 416*z + 88. Give n(5).
-32
Let n(o) = 1620*o**3 - 2*o + 2. What is n(-1)?
-1616
Let s(z) = 19237*z - 174009. Determine s(9).
-876
Let d(g) = 25*g**2 - 1104*g - 5445. Determine d(-5).
700
Let o(l) = -l**3 + 54*l**2 - 260*l - 12852. Calculate o(41).
-1659
Let a(j) = -282*j - 37501. What is a(-132)?
-277
Let o(f) = 32*f**3 + 24*f**2 + 3*f + 18. Determine o(-4).
-1658
Let y(z) = -6443*z + 88857. Give y(14).
-1345
Let m(p) = -103*p**2 - 1074*p - 1299. Give m(-9).
24
Let r(s) = 2*s**2 + 46*s - 2365. Give r(-50).
335
Let q(m) = -m**3 - 22*m**2 - 2544*m - 50080. Give q(-20).
0
Let d(l) = 1923*l + 92307. Determine d(-48).
3
Let y(j) = -28*j**2 + 252*j + 121. What is y(10)?
-159
Let s(r) = 8946*r - 161060. What is s(18)?
-32
Let p(j) = -2611*j + 966381. Give p(370).
311
Let l(y) = 41028*y - 2379568. Give l(58).
56
Let k(t) = 69245*t + 1107592. What is k(-16)?
-328
Let x(j) = -j**2 - 1806*j + 12699. Determine x(7).
8
Let t(o) = -5*o**2 + 646*o - 2606. Determine t(4).
-102
Let x(f) = -f**3 + 9*f**2 + 154*f - 2127. Give x(14).
-951
Let y(a) = -4143*a - 157449. Give y(-38).
-15
Let j(g) = -g**3 - 61*g**2 + 125*g + 385. What is j(-63)?
448
Let x(n) = -5*n**2 - 590*n - 2299. Give x(-4).
-19
Let m(x) = x**3 - 52*x**2 - 526*x + 940. Calculate m(60).
-1820
Let b(j) = 5*j**3 + 3624*j**2 - 15319*j - 7291. Give b(-729).
-1
Let h(n) = -327894*n - 655761. Calculate h(-2).
27
Let g(h) = 4598*h - 40345. What is g(9)?
1037
Let x(s) = -7667*s - 130429. What is x(-17)?
-90
Let o(i) = 2*i**3 + 20*i**2 - 124*i - 1213. Determine o(-7).
-51
Let o(c) = c**3 - 20*c**2 + 70*c - 7. Calculate o(6).
-91
Let x(k) = -4652*k**2 - 1023438*k + 434. What is x(-220)?
-6
Let b(t) = 6419*t + 128359. Calculate b(-20).
-21
Let a(i) = 17*i**2 + 2618*i - 8019. Calculate a(-157).
-12
Let m(f) = -20*f - 3163. Give m(-50).
-2163
Let j(v) = -8*v**3 + 435*v**2 - 197*v + 1897. Give j(54).
7
Let b(d) = -2*d**3 - 88*d**2 - 14180*d - 623892. Give b(-44).
28
Let r(z) = 39859*z + 238975. Determine r(-6).
-179
Let f(c) = 2*c**2 + 173*c - 28397. What is f(-170)?
-7
Let w(v) = 130707*v + 5358972. What is w(-41)?
-15
Let y(n) = 99523*n - 398065. Give y(4).
27
Let d(z) = 2170*z**2 + 91144*z + 178. Calculate d(-42).
10
Let h(g) = -4*g**2 + 249*g - 722. What is h(49)?
1875
Let i(d) = -42553*d + 2042546. Calculate i(48).
2
Let q(y) = -y**3 + 824*y**2 + 4977*y - 3. Calculate q(-6).
15
Let d(y) = y**2 + 8507*y - 367588. Calculate d(43).
62
Let f(h) = 4*h**2 - 5486*h + 32879. Determine f(6).
107
Let d(n) = -3*n**2 - 784*n - 51227. Calculate d(-131).
-6
Let z(k) = k**3 + 15*k**2 + k - 30. Give z(-11).
443
Let k(t) = t**2 - 71687*t - 501864. Calculate k(-7).
-6
Let u(n) = -n**3 + 64*n**2 - 149*n + 252. Give u(61).
2326
Let v(b) = b**3 + 30*b**2 + 206*b - 12. What is v(-11)?
21
Let t(v) = v**3 - 6*v**2 - 102*v + 670. Determine t(8).
-18
Let x(l) = -88*l**2 - 1645*l - 8195. Give x(-5).
-2170
Let j(h) = 32